{"id":388,"date":"2020-05-28T10:12:58","date_gmt":"2020-05-28T08:12:58","guid":{"rendered":"https:\/\/sk.virtacoach.com\/?page_id=388"},"modified":"2020-05-28T13:11:54","modified_gmt":"2020-05-28T11:11:54","slug":"cenove-plany","status":"publish","type":"page","link":"https:\/\/sk.virtacoach.com\/index.php\/cenove-plany\/","title":{"rendered":"Cenov\u00e9 pl\u00e1ny"},"content":{"rendered":"\n<p>Vyberte si pl\u00e1n alebo si vy\u017eiadajte si ponuku pre prv\u00fdch pou\u017e\u00edvate\u013eov<\/p>\n\n\n\n<figure class=\"wp-block-table is-style-stripes\"><table><tbody><tr><td class=\"has-text-align-center\" data-align=\"center\"><strong><span class=\"has-inline-color has-very-dark-gray-color\">Individual<\/span><\/strong><\/td><td class=\"has-text-align-center\" data-align=\"center\"><strong><span class=\"has-inline-color has-very-dark-gray-color\">Small<\/span><\/strong><\/td><td class=\"has-text-align-center\" data-align=\"center\"><strong><span class=\"has-inline-color has-very-dark-gray-color\">Corporate<\/span><\/strong><\/td><\/tr><tr><td class=\"has-text-align-center\" data-align=\"center\">Od 80\u20ac<br>za jeden rozvojov\u00fd projekt<\/td><td class=\"has-text-align-center\" data-align=\"center\">Od 180\u20ac<br>za mesiac<\/td><td class=\"has-text-align-center\" data-align=\"center\">Vy\u017eiadajte si ponuku<\/td><\/tr><\/tbody><\/table><\/figure>\n\n\n<div class=\"wp-block-jetpack-contact-form is-layout-flex wp-container-jetpack-contact-form-is-layout-faa3ad1c wp-block-jetpack-contact-form-is-layout-flex\"><a href=\"https:\/\/sk.virtacoach.com\/index.php\/cenove-plany\/\" target=\"_blank\" rel=\"noopener noreferrer\">Submit a form.<\/a><\/div>\n\n\n<p>Ochrana osobn\u00fdch \u00fadajov: Zap\u00edsan\u00e9 kontaktn\u00e9 \u00fadaje pou\u017eijeme v\u00fdhradne na vy\u017eiadan\u00e9 oslovenie. \u00dadaje po uskuto\u010dnen\u00ed kontaktu odstr\u00e1nime. Viac o ochrane osobn\u00fdch \u00fadajov a o pr\u00e1vach dotknutej osoby n\u00e1jdete na <a rel=\"noreferrer noopener\" href=\"http:\/\/virta.sk\/home\/ochrana-osobnych-udajov\/\" target=\"_blank\">str\u00e1nke prev\u00e1dzkovate\u013ea syst\u00e9mu<\/a>. <\/p>\n","protected":false},"excerpt":{"rendered":"<p>Vyberte si pl\u00e1n alebo si vy\u017eiadajte si ponuku pre prv\u00fdch pou\u017e\u00edvate\u013eov Individual Small Corporate Od 80\u20acza jeden rozvojov\u00fd projekt Od 180\u20acza mesiac Vy\u017eiadajte si ponuku Ochrana osobn\u00fdch \u00fadajov: Zap\u00edsan\u00e9 kontaktn\u00e9 \u00fadaje pou\u017eijeme v\u00fdhradne na vy\u017eiadan\u00e9 oslovenie. \u00dadaje po uskuto\u010dnen\u00ed kontaktu odstr\u00e1nime. Viac o ochrane osobn\u00fdch \u00fadajov a o pr\u00e1vach dotknutej osoby n\u00e1jdete na str\u00e1nke prev\u00e1dzkovate\u013ea &hellip; <\/p>\n<p class=\"link-more\"><a href=\"https:\/\/sk.virtacoach.com\/index.php\/cenove-plany\/\" class=\"more-link\">Pokra\u010dova\u0165 v \u010d\u00edtan\u00ed<span class=\"screen-reader-text\"> &#8222;Cenov\u00e9 pl\u00e1ny&#8220;<\/span><\/a><\/p>\n","protected":false},"author":1,"featured_media":0,"parent":0,"menu_order":0,"comment_status":"closed","ping_status":"closed","template":"","meta":{"footnotes":""},"class_list":["post-388","page","type-page","status-publish","hentry"],"jetpack_sharing_enabled":true,"_links":{"self":[{"href":"https:\/\/sk.virtacoach.com\/index.php\/wp-json\/wp\/v2\/pages\/388","targetHints":{"allow":["GET"]}}],"collection":[{"href":"https:\/\/sk.virtacoach.com\/index.php\/wp-json\/wp\/v2\/pages"}],"about":[{"href":"https:\/\/sk.virtacoach.com\/index.php\/wp-json\/wp\/v2\/types\/page"}],"author":[{"embeddable":true,"href":"https:\/\/sk.virtacoach.com\/index.php\/wp-json\/wp\/v2\/users\/1"}],"replies":[{"embeddable":true,"href":"https:\/\/sk.virtacoach.com\/index.php\/wp-json\/wp\/v2\/comments?post=388"}],"version-history":[{"count":5,"href":"https:\/\/sk.virtacoach.com\/index.php\/wp-json\/wp\/v2\/pages\/388\/revisions"}],"predecessor-version":[{"id":405,"href":"https:\/\/sk.virtacoach.com\/index.php\/wp-json\/wp\/v2\/pages\/388\/revisions\/405"}],"wp:attachment":[{"href":"https:\/\/sk.virtacoach.com\/index.php\/wp-json\/wp\/v2\/media?parent=388"}],"curies":[{"name":"wp","href":"https:\/\/api.w.org\/{rel}","templated":true}]}}